**4/12 - 3*d**3/2 + 2*d**2 - 7*d. Calculate g(6).
-14
Let c be 2 + (-2)/2 - 7. Let b(i) = 2*i + 4 - 13 - 4*i. Give b(c).
3
Let c(p) = -18*p**3 - 6*p**2 - 5*p - 4. Let w(m) = -35*m**3 - 11*m**2 - 9*m - 7. Let y(k) = 7*c(k) - 4*w(k). Calculate y(-1).
-13
Suppose 10 = -4*u + 30. Let b(p) = -u*p - 3 - 2 + 1 + 3. What is b(-1)?
4
Let q(d) = 2*d + 5. Let l(b) = -b - 1. Let w(y) = -5*l(y) - q(y). What is w(2)?
6
Let f(r) be the third derivative of r**5/60 - r**4/4 - 5*r**3/6 - 18*r**2. What is f(6)?
-5
Let r(b) = b - 2. Let t be 19/4 + (3 - (-44)/(-16)). What is r(t)?
3
Let k(v) = -7*v. Let r be 3*(-3)/(-18)*0. Let s be 0/(r - 2) + 0. Suppose 4*a - 7*a + d - 4 = s, 2 = 2*d. What is k(a)?
7
Let k(s) = -s**3 - s**2 + 3*s - 3. Let z(c) = -c**2 + 4*c - 3. Let n be z(4). Give k(n).
6
Let r(w) be the third derivative of 2*w**3 + 0 + 0*w - w**2 - 1/24*w**4. Let i be (-405)/(-75) + (-2)/5. What is r(i)?
7
Let m be (5 + -5)*(-2)/4. Let l(q) = q**2 - 3*q**2 - 2 + 3*q**2. Determine l(m).
-2
Let h(p) = -p**3 + 7*p**2 + 5*p + 9. Let d(t) = -4*t**3 + 21*t**2 + 15*t + 27. Let z(m) = -2*d(m) + 7*h(m). Calculate z(-6).
15
Suppose -4*u - 3 = -11. Let r(z) = 3 - u - z - 1 + 2. Give r(2).
0
Let x be 52/14 - (-18)/63. Let i(g) = -g + 5. Determine i(x).
1
Let h(a) = 9*a + 2. Let r(i) = 11*i + 1. Let j(p) = -5*h(p) + 4*r(p). What is j(0)?
-6
Let m(c) = -c**3 - c**2 - 1. Suppose -2*x = -7*x + 5. Let a(d) = -13*d**3 - 6*d**2 + 2*d - 5. Let v(w) = x*a(w) - 4*m(w). What is v(1)?
-10
Let l(z) be the second derivative of -4*z**5/5 + z**4/6 - z**3/3 + z**2/2 + 15*z. Calculate l(1).
-15
Let m(s) be the third derivative of 0*s**3 + 1/15*s**5 - 1/8*s**4 + 0 + 0*s + s**2 - 1/60*s**6. Give m(2).
-6
Let j(b) = 12*b. Let v(i) = -4*i. Let p(z) = -3*j(z) - 8*v(z). Determine p(-1).
4
Let t(i) be the first derivative of i**3/3 - i**2/2 + 6*i + 49. Calculate t(0).
6
Let g(m) = -6*m + 4*m - 1 + m. Let h(i) = -i**3 - 9*i**2 - i - 5. Let z be h(-9). Suppose 21 = 5*y - z. Determine g(y).
-6
Let l(v) be the third derivative of v**5/30 - v**4/6 + v**3/3 + 21*v**2. What is l(2)?
2
Let l(o) = 8*o - 2. Suppose 3*u = -u - 12. Let n(r) = -7*r + 1. Let d(f) = u*n(f) - 2*l(f). Determine d(1).
6
Let l = -4 - -7. Let k(i) be the third derivative of i**6/120 - i**5/20 + i**4/12 - 2*i**3/3 - 14*i**2. Determine k(l).
2
Let l(w) = -5*w - 1. Suppose n = -6 + 3. Let y(t) = t**2 + 2*t - 4. Let c be y(n). Let j be -1 - (-3)/(c + -2). Give l(j).
9
Let o(n) = 0 - 8*n + 7 - 3 + 7*n. Determine o(-5).
9
Suppose -3*r - 7*r + 60 = 0. Let x(h) be the third derivative of -h**5/60 + 7*h**4/24 - 3*h**3/2 - h**2. Calculate x(r).
-3
Let o(p) = p. Let c(q) = q**3 - 4*q**2 + 5. Let d be c(4). Suppose 0 = -h - d*z + 10, -5*h + z + 2*z - 34 = 0. Calculate o(h).
-5
Let k(a) = a**3 + 2*a**2. Let l(c) be the second derivative of -c**3/6 - c**2 + 4*c. Let v be l(0). Determine k(v).
0
Let z(v) = -v**2 - v + 1. Let c(k) = -k**2 - 8*k + 5. Suppose -5*o = -3*u - 25, -3*u + 20 = -7*u. Let n(f) = o*z(f) - c(f). Determine n(6).
-3
Let s(k) be the first derivative of -k**2 - 9*k - 55. Give s(-6).
3
Suppose 8 - 4 = 2*v. Let q(s) = -s + 2. Give q(v).
0
Let d(u) = -8*u**3 - u**2. Let x be d(-1). Let p(f) = -2*f + 6. Let z(g) = g - 3. Let q(n) = 4*p(n) + 9*z(n). What is q(x)?
4
Let k = 142 - 143. Let t(h) be the first derivative of 7*h**2/2 - h + 1. What is t(k)?
-8
Let y(k) be the second derivative of k**5/20 + k**4/6 - k**2/2 + 114*k. Let d = -8 - -6. Give y(d).
-1
Let s(t) = t - 1. Let r = -11 - -15. Suppose 0*g = g - 5, 0 = -f + r*g - 15. Let a = -1 + f. Calculate s(a).
3
Let k(y) be the third derivative of y**6/60 + y**5/20 + y**4/6 + y**3/3 - 7*y**2. Determine k(-2).
-10
Let g(w) = w**2 + 2*w + 0 - w + 1 + 4*w. Give g(-4).
-3
Let d(w) be the second derivative of -w**5/20 - w**4/2 + w**3/6 + 7*w**2/2 + 3*w. Let o = -58 - -52. Determine d(o).
1
Let t be (-9)/((-90)/(-8)) + (-202)/(-240). Let h(q) be the third derivative of 0 + 1/30*q**6 + 1/30*q**5 + 0*q**3 - 4*q**2 + 0*q + t*q**4. Calculate h(-1).
-3
Let y(j) = -2*j + 10. Let k be y(7). Let n(a) be the second derivative of -a**3/6 - 2*a**2 + 2*a. Give n(k).
0
Let q be 115/(-9) + 4/(-18). Let m = q + 11. Let z(p) = -2*p + 2. Calculate z(m).
6
Let l(u) = -u + 1. Let s(w) = w - 1. Let d(z) = -2*l(z) - s(z). Let k(b) = b**3 - 10*b**2 + 9*b - 2. Let h be k(9). What is d(h)?
-3
Let d be (0*2/4)/2. Let q(i) = 2*i**2 + 4 + i - 3*i**2 + 2*i**2. Determine q(d).
4
Let g(j) = -j**3 + 10*j**2 - 10*j + 3. Let o be g(9). Let f(d) = -d**2 + d - 1. Let m(a) = -a**3 - 8*a**2 + 3*a - 1. Let p(y) = -2*f(y) + m(y). Determine p(o).
-5
Let n(b) be the second derivative of -b**7/630 - b**6/360 + b**5/120 + b**4/12 - b. Let p(j) be the third derivative of n(j). Determine p(1).
-5
Let h be 1 + 2 - (0 - 1). Suppose -h = -5*d + 11. Let r(j) = j + 3 - d + 2. Determine r(4).
6
Let p(o) = o**3 - o**2 - 2*o. Suppose -4*t = -t + 6. Determine p(t).
-8
Let t = 1 + 2. Let g = -14 + 31. Let u(y) = 7*y**2 - 7*y + 4. Let b(n) = -20*n**2 + 20*n - 11. Let a(k) = g*u(k) + 6*b(k). What is a(t)?
-4
Let x(j) be the second derivative of j**4/12 + j**3/3 + j**2/2 - 11*j. What is x(-3)?
4
Let g(r) = -2*r**2 - 11. Let d = 12 + -23. Let i(k) = k**2 + 6. Let y(l) = d*i(l) - 6*g(l). What is y(1)?
1
Let i(n) = 8*n - 13. Let r(d) = 4*d - 7. Let v be (-2)/9 + 56/9. Suppose 0 = -v*q + 3*q - 2*w + 18, q = -w + 6. Let l(b) = q*i(b) - 11*r(b). Calculate l(1).
3
Let f(m) = -m**2 + 3*m - 3. Let a be f(3). Let c(v) = -v**3 - 2*v**2 - 2*v - 3. What is c(a)?
12
Let p(j) = -j**2 + 6*j. Let n = -52 + 58. Determine p(n).
0
Suppose 0 = -4*z - 3*r - 27, z = 6*z - 2*r + 28. Let u(x) = -18*x**3 + 2 + 3*x**3 + 5*x**2 - 6*x + 16*x**3. Give u(z).
2
Let s(n) be the first derivative of n**2 + n - 2. Let a(r) = 2*r + 1. Let b(g) = 4*a(g) - 5*s(g). Calculate b(4).
-9
Let n(x) = -1 + x**2 + x**3 + 2*x**3 + x**3 + x + 7*x**3. Let b(m) = -m**3 - 8*m**2 - 8*m - 8. Let c be b(-7). Let q = 0 - c. Give n(q).
12
Let u(v) = -4*v + 14. Let d(a) = 9*a - 29. Let x(w) = 6*d(w) + 13*u(w). Let i(m) = -m**3 + 9*m**2 - 4*m - 10. Let q be i(8). Let n = -28 + q. Give x(n).
-4
Let h(o) = 1. Let k(b) = -3*b + 9. Let x(j) = 9*h(j) - k(j). Give x(1).
3
Suppose -x + 5*w + 3 + 8 = 0, -13 = -5*x + 4*w. Let d(q) be the first derivative of 2*q**3 + 15. What is d(x)?
6
Let c(q) be the third derivative of -q**6/120 + q**5/60 + q**4/12 + q**3/6 + 4*q**2. Let h be (-2)/(-3)*(-21)/(-7). Let z be 0 + 1 + -4 + h. Determine c(z).
1
Let z(a) = 25*a**2 - 22*a**2 - 1 + 6*a**2 + a. Determine z(1).
9
Let a(w) be the first derivative of -w**5/60 + 5*w**4/24 - w**3/3 - w**2 - 1. Let y(n) be the second derivative of a(n). Give y(5).
-2
Let l(f) = 7*f**2 + 4*f + 6. Let i(w) = -13*w**2 - 7*w - 11. Let d(m) = -6*i(m) - 11*l(m). Let j(k) = k**2 - 2*k. Let u be j(3). What is d(u)?
3
Suppose -14 = 2*a - 4*k, -5*k + 3*k = -4*a - 16. Let u be (2/(-3))/((-2)/9). Let g(l) = l. Let i(b) = 3. Let z(x) = u*g(x) + i(x). Determine z(a).
-6
Let k(v) = 5*v - 8. Let j(l) = -3*l + 5. Suppose i + r = -0*r - 8, -1 = -i + 2*r. Let c(y) = i*k(y) - 8*j(y). What is c(3)?
-3
Let p(v) = v + 7. Suppose 3*b + 5*r = -10, -5 = b - 4*b - 2*r. Calculate p(b).
12
Let u(l) be the second derivative of -l**4/12 - 7*l**3/6 - 3*l**2 + 17*l. What is u(-5)?
4
Suppose -3*f + 0 + 9 = 0. Suppose 0 = -y + 3*y - 3*w - 15, 3*y + 2*w = f. Let j(z) = z - 4. Calculate j(y).
-1
Let t(o) = -o**3 - 7*o**2 + 6*o - 1. Let c be ((15/1)/3)/(-1). Let p(a) = -2*a**3 - 15*a**2 + 12*a - 1. Let g(n) = c*t(n) + 2*p(n). What is g(-6)?
3
Let p(z) = -3*z**3 + 8*z**2 + 6*z - 7. Let x(k) = -4*k**3 + 9*k**2 + 8*k - 6. Let s(o) = 3*p(o) - 2*x(o). Give s(6).
3
Let d be (-30)/(-9)*12/10. Let l be (-3)/((-10)/d + 1). Let o(k) = -k**3 - 2*k + 3. Give o(l).
-9
Let f(j) be the third derivative of j**9/60480 + j**8/20160 - j**7/1680 + j**6/240 - 7*j**5/60 - j**2. Let z(g) be the third derivative of f(g). Give z(-3).
-6
Let u(d) = d - 3. Suppose 2*o + 10 = -4*w, 3*o - 5 = 5*o + 3*w. Let z(i) = i - 1. Let p be z(o). Determine u(p).
1
Let g(n) be the second derivative of n**5/20 + n**4/4 + n**3/3 - 3*n**2/2 + 5*n. Calculate g(-3).
-9
Let z = -21 - -17. Let q(k) = -2*k + 1. Determine q(z).
9
Suppose -3*j - 16 + 4 = 0. Let m(u) = 2*u + 1. Determine m(j).
-7
Let h(c) = -c + 2. Let l be h